{"id":15225,"date":"2023-03-30T20:03:18","date_gmt":"2023-03-30T18:03:18","guid":{"rendered":"https:\/\/klimalink.hr\/stg02032026\/trgovina\/Bez%20kategorije\/samsung-klima-uredaj-wind-free-comfort-ar09txfcawkneu-ar09txfcawkxeu\/"},"modified":"2026-03-12T10:01:26","modified_gmt":"2026-03-12T09:01:26","slug":"samsung-klima-uredaj-wind-free-comfort-ar09txfcawkneu-ar09txfcawkxeu","status":"publish","type":"product","link":"https:\/\/klimalink.hr\/stg02032026\/trgovina\/klima-uredaji\/klime-za-hladenje\/samsung-klima-uredaj-wind-free-comfort-ar09txfcawkneu-ar09txfcawkxeu\/","title":{"rendered":"Samsung klima ure\u0111aj Wind-Free Comfort AR09TXFCAWKNEU"},"content":{"rendered":"<p><strong>U\u010dinak hla\u0111enja:<\/strong> 2,5 (0,90-3,40)kW<br \/>\nPrikladno za prostor: 25m2<br \/>\nEnergetski razred hla\u0111enja: A++<br \/>\nEnergetska u\u010dinkovitost SEER: 6,70W\/W<br \/>\nPotro\u0161nja el.energije: 0,37kW\/h<\/p>\n<p><strong>U\u010dinak grijanja:<\/strong> 3,2 (0,90-4,50)kW<br \/>\nPrikladno za prostor: 20m2<br \/>\nEnergetski razred grijanja: A+<br \/>\nEnergetska u\u010dinkovitost SCOP: 4,00W\/W<br \/>\nPotro\u0161nja el.energije: 0,52kW\/h<\/p>\n<p><strong>Unutarnja jedinica:<\/strong><br \/>\nRazina buke (min\/max): 19\/37dBA<br \/>\nDimenzije (V x \u0160 x D): 299 x 820 x 215 mm<br \/>\nTe\u017eina: 8,9kg<\/p>\n<p><strong>Vanjska jedinica:<\/strong><br \/>\nRazina buke: 46dBA<br \/>\nDimenzije (V x \u0160 x D): 475 x 660 x 242 mm<br \/>\nTe\u017eina: 23,0kg<\/p>\n<p><strong>Podru\u010dje rada:<\/strong> -10\/+46C (hla\u0111enje), -15\/+24C (grijanje)<br \/>\nEko plin: R32<br \/>\nMaksimalna duljina cjevovoda: 15,0m<br \/>\nMaksimalna visinska razlika: 8,0m<br \/>\nPrednapunjena duljina cijevi: 15,0m<\/p>\n<p><strong>Jamstvo<\/strong><\/p>\n<p>Samsung tvorni\u010dko Jamstvo\u00a0&#8211; 3 godine\u00a0uz obvezan godi\u0161nji jamstveni servis.<br \/>\nJamstvo na ure\u0111aj se ne priznaje ukoliko ure\u0111aj nije montiran od strane ovla\u0161tenog servisa i po pravilima struke.<\/p>\n","protected":false},"excerpt":{"rendered":"<p>U\u010dinak hla\u0111enja: 2,5 (0,90-3,40)kW Prikladno za prostor: 25m2 Energetski razred hla\u0111enja: A++ Energetska u\u010dinkovitost SEER: 6,70W\/W Potro\u0161nja el.energije: 0,37kW\/h U\u010dinak grijanja: 3,2 (0,90-4,50)kW Prikladno za prostor: 20m2 Energetski razred grijanja: A+ Energetska u\u010dinkovitost SCOP: 4,00W\/W Potro\u0161nja el.energije: 0,52kW\/h Unutarnja jedinica: Razina buke (min\/max): 19\/37dBA Dimenzije (V x \u0160 x D): 299 x 820 x 215 mm&#8230;<\/p>\n","protected":false},"featured_media":16629,"comment_status":"open","ping_status":"closed","template":"","meta":{"inline_featured_image":false},"product_brand":[],"product_cat":[506,507,427],"product_tag":[],"class_list":{"0":"post-15225","1":"product","2":"type-product","3":"status-publish","4":"has-post-thumbnail","6":"product_cat-klima-uredaji","7":"product_cat-klime-za-hladenje","8":"product_cat-samsung","10":"first","11":"instock","12":"shipping-taxable","13":"purchasable","14":"product-type-simple"},"etheme_brands":{"errors":{"invalid_taxonomy":["Nevaljana taksonomija."]},"error_data":[]},"_links":{"self":[{"href":"https:\/\/klimalink.hr\/stg02032026\/wp-json\/wp\/v2\/product\/15225","targetHints":{"allow":["GET"]}}],"collection":[{"href":"https:\/\/klimalink.hr\/stg02032026\/wp-json\/wp\/v2\/product"}],"about":[{"href":"https:\/\/klimalink.hr\/stg02032026\/wp-json\/wp\/v2\/types\/product"}],"replies":[{"embeddable":true,"href":"https:\/\/klimalink.hr\/stg02032026\/wp-json\/wp\/v2\/comments?post=15225"}],"version-history":[{"count":0,"href":"https:\/\/klimalink.hr\/stg02032026\/wp-json\/wp\/v2\/product\/15225\/revisions"}],"wp:featuredmedia":[{"embeddable":true,"href":"https:\/\/klimalink.hr\/stg02032026\/wp-json\/wp\/v2\/media\/16629"}],"wp:attachment":[{"href":"https:\/\/klimalink.hr\/stg02032026\/wp-json\/wp\/v2\/media?parent=15225"}],"wp:term":[{"taxonomy":"product_brand","embeddable":true,"href":"https:\/\/klimalink.hr\/stg02032026\/wp-json\/wp\/v2\/product_brand?post=15225"},{"taxonomy":"product_cat","embeddable":true,"href":"https:\/\/klimalink.hr\/stg02032026\/wp-json\/wp\/v2\/product_cat?post=15225"},{"taxonomy":"product_tag","embeddable":true,"href":"https:\/\/klimalink.hr\/stg02032026\/wp-json\/wp\/v2\/product_tag?post=15225"}],"curies":[{"name":"wp","href":"https:\/\/api.w.org\/{rel}","templated":true}]}}

Samsung klima uređaj Wind-Free Comfort AR09TXFCAWKNEU

<p><strong>Učinak hlađenja:</strong> 2,5 (0,90-3,40)kW<br />
Prikladno za prostor: 25m2<br />
Energetski razred hlađenja: A++<br />
Energetska učinkovitost SEER: 6,70W/W<br />
Potrošnja el.energije: 0,37kW/h</p>
<p><strong>Učinak grijanja:</strong> 3,2 (0,90-4,50)kW<br />
Prikladno za prostor: 20m2<br />
Energetski razred grijanja: A+<br />
Energetska učinkovitost SCOP: 4,00W/W<br />
Potrošnja el.energije: 0,52kW/h</p>
<p><strong>Unutarnja jedinica:</strong><br />
Razina buke (min/max): 19/37dBA<br />
Dimenzije (V x Š x D): 299 x 820 x 215 mm<br />
Težina: 8,9kg</p>
<p><strong>Vanjska jedinica:</strong><br />
Razina buke: 46dBA<br />
Dimenzije (V x Š x D): 475 x 660 x 242 mm<br />
Težina: 23,0kg</p>
<p><strong>Područje rada:</strong> -10/+46C (hlađenje), -15/+24C (grijanje)<br />
Eko plin: R32<br />
Maksimalna duljina cjevovoda: 15,0m<br />
Maksimalna visinska razlika: 8,0m<br />
Prednapunjena duljina cijevi: 15,0m</p>
<p><strong>Jamstvo</strong></p>
<p>Samsung tvorničko Jamstvo &#8211; 3 godine uz obvezan godišnji jamstveni servis.<br />
Jamstvo na uređaj se ne priznaje ukoliko uređaj nije montiran od strane ovlaštenog servisa i po pravilima struke.</p>

<p>Učinak hlađenja: 2,5 (0,90-3,40)kW Prikladno za prostor: 25m2 Energetski razred hlađenja: A++ Energetska učinkovitost SEER: 6,70W/W Potrošnja el.energije: 0,37kW/h Učinak grijanja: 3,2 (0,90-4,50)kW Prikladno za prostor: 20m2 Energetski razred grijanja: A+ Energetska učinkovitost SCOP: 4,00W/W Potrošnja el.energije: 0,52kW/h Unutarnja jedinica: Razina buke (min/max): 19/37dBA Dimenzije (V x Š x D): 299 x 820 x 215 mm&#8230;</p>
