{"id":15205,"date":"2023-03-30T20:03:13","date_gmt":"2023-03-30T18:03:13","guid":{"rendered":"https:\/\/klimalink.hr\/stg02032026\/trgovina\/Bez%20kategorije\/toshiba-seiya-4-2-kw-ras-b16e2kvg-e-ras-16e2avg-e\/"},"modified":"2026-03-12T10:01:26","modified_gmt":"2026-03-12T09:01:26","slug":"toshiba-seiya-nova-4-2-kw-ras-b16e2kvg-e-ras-16e2avg-e","status":"publish","type":"product","link":"https:\/\/klimalink.hr\/stg02032026\/trgovina\/klima-uredaji\/klime-za-hladenje\/toshiba-seiya-nova-4-2-kw-ras-b16e2kvg-e-ras-16e2avg-e\/","title":{"rendered":"Toshiba klima ure\u0111aj Seiya NOVA RAS-B16E2KVG-E\/RAS 16E2AVG-E"},"content":{"rendered":"<p>Seiya Inverter predstavlja savr\u0161en ulazak u svijet klimatizacije. Po\u010detni model Toshibine palete opremljen je \u0161tedljivim inverterskim kompresorom i svim funkcionalnostima na koje su navikli korisnici premium branda poput Toshibe. Uz to, svoj rad obavlja koriste\u0107i najnoviji rashladni medij R32 koji ne samo da je ekolo\u0161ki prihvatljiviji, ve\u0107 i donosi dodatnu u\u0161tedu u potro\u0161nji elektri\u010dne energije. Energetska u\u010dinkovitost razreda A++ i snagom od 4.2 kW.<\/p>\n<p>No, nisu samo odli\u010dne zna\u010dajke te koje ovaj model \u010dine odli\u010dnim, tu je i primjer neprestanog rada na inovacijama koje \u0107e se pobrinuti za maksimalnu udobnost i mir. Seiya smanjuje razinu buke dvjema funkcijama tihog rada: QUIET na unutarnjoj jedinici omogu\u0107ava vam neometani mir no\u0107u, a SILENT na vanjskoj jedinici va\u0161im susjedima. I to sve samo jednim pritiskom gumba!<\/p>\n<p>Uz tih i ekonomi\u010dan rad, Seiya ure\u0111aji osigurati \u0107e vam i odli\u010dnu kvalitetu zraka zahvaljuju\u0107i \u201eIAQ\u201c filteru i izmjenjiva\u010du topline Magic Coil\u00ae. Izmjenjiva\u010d topline unutarnje jedinice uvijek se odr\u017eava \u010distim i suhim s pomo\u0107u posebnog premaza zajedno s funkcijom samo\u010di\u0161\u0107enja nakon zavr\u0161etka rada. Nema \u0161anse za razvoj neugodnih mirisa i bakterija.<\/p>\n<p>Kako bi lako i pouzdano upravljali svojim novim klima ure\u0111ajem tu je infracrveni daljinski upravlja\u010d i mogu\u0107nost kupnje opcionalnog WiFi su\u010delja RB-N104S-G pomo\u0107u kojeg ure\u0111ajem mo\u017eete upravljati va\u0161im pametnim telefonom ili tabletom.<\/p>\n<p>Klima ure\u0111aj Toshiba Seiya Inverter 4.2 kW sastoji se od unutarnje jedinice oznake RAS-B16E2KVG-E, vanjske jedinice RAS-16E2AVG-E i infracrvenog daljinskog upravlja\u010da.<\/p>\n<p><strong>Tehni\u010dke karakteristike<\/strong><br \/>\nRadna tvar R32<br \/>\nRaspon rashladnog u\u010dina (kW) 1,4 &#8211; 4,7<br \/>\nSEER \/ Energetski razred HL 7,0 \/ A++<br \/>\nRaspon u\u010dina grijanja (kW) 1,3 &#8211; 6,0<br \/>\nSCOP \/ Energetski razred GR 4,6 \/ A++<br \/>\nDimenzije unut. jed (V\u00d7\u0160\u00d7D) mm 293\u00d7798\u00d7230<br \/>\nTe\u017eina unut. jed. (Kg) 9<br \/>\nRazina buke &#8211; hla\u0111enje UJ (dBA) 21\/43<br \/>\nRazina buke &#8211; grijanje UJ (dBA) 22\/43<br \/>\nWi-fi Wi-fi ready<br \/>\nDimenzije vanj. jed (V\u00d7\u0160\u00d7D) mm 550\u00d7780\u00d7290<br \/>\nTe\u017eina vanj. jed. (Kg) 30<br \/>\nRazina buke vanjske jed. (dBA) 50<br \/>\nPromjer cijevi &#8211; teku\u0107. (mm\/&#8221;) 6,35 (1\/4&#8243;)<br \/>\nPromjer cijevi &#8211; plin (mm\/&#8221;) 12,70 (1\/2&#8243;)<br \/>\nMaksimalna duljina cijevi (m) 20<br \/>\nMaksimalna vis. razlika (m) 15<br \/>\nNapon priklju\u010dka 230 V \/ 50 Hz<br \/>\nJamstvo 36 mjeseci<br \/>\nPodru\u010dje rada &#8211; hla\u0111enje (\u00b0C) od -15\u00b0C do +46\u00b0C<br \/>\nPodru\u010dje rada &#8211; grijanje (\u00b0C) od -15\u00b0C do +24\u00b0C<\/p>\n","protected":false},"excerpt":{"rendered":"<p>Seiya Inverter predstavlja savr\u0161en ulazak u svijet klimatizacije. Po\u010detni model Toshibine palete opremljen je \u0161tedljivim inverterskim kompresorom i svim funkcionalnostima na koje su navikli korisnici premium branda poput Toshibe. Uz to, svoj rad obavlja koriste\u0107i najnoviji rashladni medij R32 koji ne samo da je ekolo\u0161ki prihvatljiviji, ve\u0107 i donosi dodatnu u\u0161tedu u potro\u0161nji elektri\u010dne energije. Energetska&#8230;<\/p>\n","protected":false},"featured_media":16642,"comment_status":"open","ping_status":"closed","template":"","meta":{"inline_featured_image":false},"product_brand":[],"product_cat":[506,507,424],"product_tag":[],"class_list":{"0":"post-15205","1":"product","2":"type-product","3":"status-publish","4":"has-post-thumbnail","6":"product_cat-klima-uredaji","7":"product_cat-klime-za-hladenje","8":"product_cat-toshiba","10":"first","11":"instock","12":"shipping-taxable","13":"purchasable","14":"product-type-simple"},"etheme_brands":{"errors":{"invalid_taxonomy":["Nevaljana taksonomija."]},"error_data":[]},"_links":{"self":[{"href":"https:\/\/klimalink.hr\/stg02032026\/wp-json\/wp\/v2\/product\/15205","targetHints":{"allow":["GET"]}}],"collection":[{"href":"https:\/\/klimalink.hr\/stg02032026\/wp-json\/wp\/v2\/product"}],"about":[{"href":"https:\/\/klimalink.hr\/stg02032026\/wp-json\/wp\/v2\/types\/product"}],"replies":[{"embeddable":true,"href":"https:\/\/klimalink.hr\/stg02032026\/wp-json\/wp\/v2\/comments?post=15205"}],"version-history":[{"count":0,"href":"https:\/\/klimalink.hr\/stg02032026\/wp-json\/wp\/v2\/product\/15205\/revisions"}],"wp:featuredmedia":[{"embeddable":true,"href":"https:\/\/klimalink.hr\/stg02032026\/wp-json\/wp\/v2\/media\/16642"}],"wp:attachment":[{"href":"https:\/\/klimalink.hr\/stg02032026\/wp-json\/wp\/v2\/media?parent=15205"}],"wp:term":[{"taxonomy":"product_brand","embeddable":true,"href":"https:\/\/klimalink.hr\/stg02032026\/wp-json\/wp\/v2\/product_brand?post=15205"},{"taxonomy":"product_cat","embeddable":true,"href":"https:\/\/klimalink.hr\/stg02032026\/wp-json\/wp\/v2\/product_cat?post=15205"},{"taxonomy":"product_tag","embeddable":true,"href":"https:\/\/klimalink.hr\/stg02032026\/wp-json\/wp\/v2\/product_tag?post=15205"}],"curies":[{"name":"wp","href":"https:\/\/api.w.org\/{rel}","templated":true}]}}