{"id":15200,"date":"2023-03-30T20:03:10","date_gmt":"2023-03-30T18:03:10","guid":{"rendered":"https:\/\/klimalink.hr\/stg02032026\/trgovina\/Bez%20kategorije\/toshiba-haori-2-5-kw-ras-b10n4kvrg-e-ras-10j2avsg-e\/"},"modified":"2026-03-12T10:01:25","modified_gmt":"2026-03-12T09:01:25","slug":"toshiba-haori-2-5-kw-ras-b10n4kvrg-e-ras-10j2avsg-e","status":"publish","type":"product","link":"https:\/\/klimalink.hr\/stg02032026\/trgovina\/klima-uredaji\/klime-za-hladenje\/toshiba-haori-2-5-kw-ras-b10n4kvrg-e-ras-10j2avsg-e\/","title":{"rendered":"Toshiba klima ure\u0111aj Haori RAS-B10N4KVRG-E\/RAS-10J2AVSG-E"},"content":{"rendered":"<p>OBLOGA OD TKANINE &#8211; U raznim bojama, za svaki stil ure\u0111enja. Isporu\u010duje se uz nacrt za izradu vlastite tkanine.<\/p>\n<p>VRHUNSKI ENERGETSKI RAZRED &#8211; Toshiba HAORI se nalazi u najvi\u0161oj A +++ energetskoj klasi u hla\u0111enju i grijanju, u prosje\u010dnoj zoni. To rezultira vrlo niskom potro\u0161njom energije u svim radnim uvjetima.<\/p>\n<p>ULTRA FILTER &#8211; Pru\u017ea \u010distu atmosferu bez pra\u0161ine, bez mirisa, mikroorganizama i finih \u010destica. Ultra Pure filtar nudi do 94% pro\u010di\u0161\u0107avanja PM2,5. PM2.5 odnosi se na \u010destice koje dolaze iz atmosferskog one\u010di\u0161\u0107enja \u010diji je promjer manji od 2,5 mikrometara (\u03bcm). Studije su prona\u0161le usku vezu izme\u0111u izlaganja finim \u010desticama i bolesti plu\u0107a ili pogor\u0161anja kroni\u010dne bolesti. Toshiba ultra-\u010disti filtar uklanj do 94% PM2,5, stvaraju\u0107i zdrave \u017eivotne prostore kod ku\u0107e.<\/p>\n<p>WI-FI UPRAVLJANJE &#8211; Toshibu HAORI mo\u017eete upravljati s bilo kojeg mjesta i bilo kada, koriste\u0107i Wi-Fi su\u010delje, za neusporedivu udobnost i u\u0161tedu energije.<\/p>\n<p>APLIKACIJA HOME AC CONTROL &#8211; S novom aplikacijom Toshiba Home AC Control imate potpunu kontrolu nad razinom udobnosti koju \u017eelite. 5 korisnika mo\u017ee na jednostavan i brz na\u010din upravljati radom do 10 jedinica sa svog tableta ili pametnog telefona. Tako\u0111er pru\u017ea mogu\u0107nost upravljanja jedinicama po grupi za brzu primjenu uvjeta udobnosti u odabranim podru\u010djima.<\/p>\n<p>PLASMA IONIZATOR &#8211; Toshibin sna\u017eni plasma ionizator ubrzava u\u010dinkovitost hvatanja ne\u010disto\u0107a u zraku generiraju\u0107i ozon (O3). Kad one\u010di\u0161\u0107uju\u0107e tvari poput bakterija ili virusa do\u0111u u kontakt s ozonom, one se na kraju deaktiviraju oksidacijom. Nakon toga se ozon u su\u0161tini vra\u0107a natrag u kisik (O2), \u0161to ga \u010dini vrlo ekolo\u0161kim oksidansom. Rezultat je \u010disto, svje\u017ee i zdravo okru\u017eenje, bogato molekulama kisika, bez ikakvih neugodnih mirisa.<\/p>\n<p>MAGI\u010cNA ZAVOJNICA &#8211; Toshibin inovativni, samo\u010di\u0161\u0107uju\u0107i premaz unutarnje zavojnice. Magic Coil stvara sklisku povr\u0161inu na koju se pra\u0161ina i prljav\u0161tina posebno te\u0161ko nakupljaju. Na taj se na\u010din ne\u010disto\u0107e uklanjaju iz jedinice tijekom razdoblja odmrzavanja. To rezultira uvijek \u010distom, skoro novom zavojnicom, bez nakupljanja vlage i plijesni. Kako zavojnica odr\u017eava \u010disto\u0107u, odr\u017eava se energetska u\u010dinkovitost, a jedinicom cirkulira zdrav zrak bez neugodnih mirisa.<\/p>\n<p>&nbsp;<\/p>\n<p><strong>Tehni\u010dke karakteristike<\/strong><br \/>\nRadna tvar R32<br \/>\nRaspon rashladnog u\u010dina (kW) 0,9 &#8211; 3,2<br \/>\nSEER \/ Energetski razred HL 8,6 \/ A+++<br \/>\nRaspon u\u010dina grijanja (kW) 0,9 &#8211; 4,7<br \/>\nSCOP \/ Energetski razred GR 5,1 \/ A+++<br \/>\nDimenzije unut. jed (V\u00d7\u0160\u00d7D) mm 300\u00d7987\u00d7210<br \/>\nTe\u017eina unut. jed. (Kg) 11<br \/>\nRazina buke &#8211; hla\u0111enje UJ (dBA) 19\/41<br \/>\nRazina buke &#8211; grijanje UJ (dBA) 19\/41<br \/>\nWi-fi Wi-fi ugra\u0111en<br \/>\nIonizator zraka Da<br \/>\nDimenzije vanj. jed (V\u00d7\u0160\u00d7D) mm 550\u00d7780\u00d7290<br \/>\nTe\u017eina vanj. jed. (Kg) 26<br \/>\nRazina buke vanjske jed. (dBA) 44<br \/>\nPromjer cijevi &#8211; teku\u0107. (mm\/&#8221;) 6,35 (1\/4&#8243;)<br \/>\nPromjer cijevi &#8211; plin (mm\/&#8221;) 9,52 (3\/8&#8243;)<br \/>\nMaksimalna duljina cijevi (m) 20<br \/>\nMaksimalna vis. razlika (m) 12<br \/>\nNapon priklju\u010dka 230 V \/ 50 Hz<br \/>\nJamstvo 36 mjeseci<br \/>\nPodru\u010dje rada &#8211; hla\u0111enje (\u00b0C) od -15\u00b0C do +46\u00b0C<br \/>\nPodru\u010dje rada &#8211; grijanje (\u00b0C) od -15\u00b0C do +24\u00b0C<\/p>\n<p>&nbsp;<\/p>\n","protected":false},"excerpt":{"rendered":"<p>OBLOGA OD TKANINE &#8211; U raznim bojama, za svaki stil ure\u0111enja. Isporu\u010duje se uz nacrt za izradu vlastite tkanine. VRHUNSKI ENERGETSKI RAZRED &#8211; Toshiba HAORI se nalazi u najvi\u0161oj A +++ energetskoj klasi u hla\u0111enju i grijanju, u prosje\u010dnoj zoni. To rezultira vrlo niskom potro\u0161njom energije u svim radnim uvjetima. ULTRA FILTER &#8211; Pru\u017ea \u010distu atmosferu&#8230;<\/p>\n","protected":false},"featured_media":16635,"comment_status":"open","ping_status":"closed","template":"","meta":{"inline_featured_image":false},"product_brand":[],"product_cat":[506,508,507,424],"product_tag":[],"class_list":{"0":"post-15200","1":"product","2":"type-product","3":"status-publish","4":"has-post-thumbnail","6":"product_cat-klima-uredaji","7":"product_cat-klime-za-grijanje","8":"product_cat-klime-za-hladenje","9":"product_cat-toshiba","11":"first","12":"instock","13":"shipping-taxable","14":"purchasable","15":"product-type-simple"},"etheme_brands":{"errors":{"invalid_taxonomy":["Nevaljana taksonomija."]},"error_data":[]},"_links":{"self":[{"href":"https:\/\/klimalink.hr\/stg02032026\/wp-json\/wp\/v2\/product\/15200","targetHints":{"allow":["GET"]}}],"collection":[{"href":"https:\/\/klimalink.hr\/stg02032026\/wp-json\/wp\/v2\/product"}],"about":[{"href":"https:\/\/klimalink.hr\/stg02032026\/wp-json\/wp\/v2\/types\/product"}],"replies":[{"embeddable":true,"href":"https:\/\/klimalink.hr\/stg02032026\/wp-json\/wp\/v2\/comments?post=15200"}],"version-history":[{"count":0,"href":"https:\/\/klimalink.hr\/stg02032026\/wp-json\/wp\/v2\/product\/15200\/revisions"}],"wp:featuredmedia":[{"embeddable":true,"href":"https:\/\/klimalink.hr\/stg02032026\/wp-json\/wp\/v2\/media\/16635"}],"wp:attachment":[{"href":"https:\/\/klimalink.hr\/stg02032026\/wp-json\/wp\/v2\/media?parent=15200"}],"wp:term":[{"taxonomy":"product_brand","embeddable":true,"href":"https:\/\/klimalink.hr\/stg02032026\/wp-json\/wp\/v2\/product_brand?post=15200"},{"taxonomy":"product_cat","embeddable":true,"href":"https:\/\/klimalink.hr\/stg02032026\/wp-json\/wp\/v2\/product_cat?post=15200"},{"taxonomy":"product_tag","embeddable":true,"href":"https:\/\/klimalink.hr\/stg02032026\/wp-json\/wp\/v2\/product_tag?post=15200"}],"curies":[{"name":"wp","href":"https:\/\/api.w.org\/{rel}","templated":true}]}}